 divisor of 8 and s?
8
Let z be (5 - 4) + (-3 - 0). Let k be z/(-4)*(11 - -1). Let j be (-340)/(-14) - (-2)/(-7). Calculate the greatest common divisor of k and j.
6
Suppose 2*a + 47 = 4*z - a, -3 = 3*a. What is the greatest common factor of 44 and z?
11
Let g(h) = h**3 - 6*h**2 - 5*h - 9. Let z be g(7). Suppose -z*y + 2*t + 47 = 0, 5*y - 35 = t + 4*t. What is the highest common divisor of y and 1?
1
Suppose -c + k = -6*c + 25, -5*c + k = -25. Suppose -3*q = c*j - 61, -11 = q - 4*j - 3. Calculate the greatest common divisor of 12 and q.
12
Let k(j) = j**3 + 7*j**2 + 7*j + 1. Let r be k(-5). What is the greatest common factor of 4 and r?
4
Let h(r) = r**3 - 3*r**2 - r - 3. Let t be h(3). Let v(x) = -x**2 + 5*x + 1. Let o be v(3). Let b = o - t. What is the highest common factor of 13 and b?
13
Let a(v) = v**2 - 12*v - 12. Let u be a(14). Calculate the greatest common divisor of 4 and u.
4
Let f = 87 + -21. Let a be f + (1 - 1)/2. Let k = -20 - -42. Calculate the highest common factor of a and k.
22
Let f be 506/7 - (-14)/(-49). Suppose -4*x = -2*x - f. Calculate the highest common divisor of 12 and x.
12
Let x be 96/10 - ((-56)/(-35) + -2). Calculate the highest common divisor of x and 10.
10
Suppose 0 = 5*x - 3*x - 6. What is the greatest common factor of 3 and x?
3
Let q be 3*1 - (-5 - -8). Suppose -d - 53 = -3*o, 2*o + q*o - 34 = 2*d. Let g(t) = -11*t + 1. Let c be g(-4). What is the highest common factor of o and c?
9
Suppose g + 18 = 3*g. Suppose 4*k = -11 + 35. Suppose -k*z = -z - 90. What is the highest common divisor of g and z?
9
Let f = 64 - 11. Suppose 4*c - 5*p + f = 233, -90 = -2*c + 5*p. What is the greatest common divisor of 9 and c?
9
Let y(t) = 6*t + 6. Let j be y(4). Suppose 2*r - 235 = -5*p, 4*p - r - 95 = 80. What is the greatest common factor of j and p?
15
Let a(l) = -l**2 + 10*l - 4. Let o be a(6). Calculate the highest common divisor of o and 220.
20
Suppose 0 = 3*g - g. Suppose g = -5*n - 25, -5*b + 0*b - 4*n = 5. Suppose -b*a = -2*a - 3. Calculate the greatest common divisor of a and 2.
1
Let a be (-4)/10 + 47/5. Let c = a + 7. Let p be ((-40)/(-70))/((-2)/(-7)). Calculate the greatest common divisor of p and c.
2
Suppose -5*n = -5*v + 65, 4*n - 58 = -4*v + 2*n. Let g(q) = -3*q - 3. Let i be g(-7). Let j be (13 - -1)*i/6. What is the highest common divisor of j and v?
14
Let h be (-2)/6 - (-57)/9. Suppose 2*s + 0*s + 4*z - h = 0, -z + 3 = 2*s. Suppose 6 = -j + 4*j. What is the greatest common factor of s and j?
1
Let c be (-2 + -1)/(-3) + 2. Let t(w) = -w**3 + 5*w**2 - 3*w + 1. Let o be t(c). Calculate the greatest common factor of o and 50.
10
Let o be (-2)/(-4) - (-90)/4. Calculate the greatest common factor of o and 46.
23
Let x(w) = -w**3 - 8*w**2 - 20*w - 4. Let s be x(-6). What is the highest common divisor of s and 308?
44
Let u be (-3 + -2 + 7)/2. What is the greatest common factor of 4 and u?
1
Suppose -38 = -3*j - 2*u, 2*j + 7*u = 3*u + 28. Suppose 5*n + 0*n - 1500 = 0. Suppose -n = 4*l - 9*l. What is the highest common factor of j and l?
12
Let h be (-1)/(0 - (-4)/(-72)). Let b = 24 - h. Calculate the greatest common divisor of b and 6.
6
Suppose -2*w = 2*w. Suppose -o + 6*o - 45 = w. What is the highest common divisor of 27 and o?
9
Suppose -u + 143 = 2*m, u - 6*u - 125 = -2*m. Calculate the highest common factor of 14 and m.
14
Let d(q) = -q**3 - 6*q**2 - 7. Let g = -15 - -8. Let w be d(g). What is the greatest common divisor of w and 63?
21
Suppose -4*a = f - 10, 3*f + 5*a = f + 20. Suppose 0 = 4*v - 90 + f. What is the greatest common factor of 20 and v?
20
Suppose 3*w - 4 + 1 = 0. Let x be 19/6 - w/6. Suppose 0 = -x*l - 7 + 34. What is the highest common factor of l and 36?
9
Suppose -32 = -l - 20. What is the greatest common factor of l and 16?
4
Let h(x) = -8*x + 5. Let q be h(-5). Suppose m + 2*o = -0*m + 15, 3*m + o = q. Let b = -7 + m. What is the greatest common factor of b and 12?
4
Suppose 0*s - 4*s = -5*w - 36, 3*s = 3*w + 21. Let h = -5 - w. What is the highest common divisor of h and 2?
1
Suppose -w - 5 = 1. Suppose 5*d = -4 - 6. Let o be d + 1 - (-8 + w). Calculate the highest common divisor of 52 and o.
13
Let i(a) = -a**3 - a**2 - 3*a. Let b be i(-3). Let f = -16 + b. Let d(j) = 4*j**2 - 3*j - 5. Let q be d(6). Calculate the highest common factor of f and q.
11
Suppose -4*f + 116 = 4*s, 2*f + 0*f + 8 = 0. Calculate the greatest common factor of 132 and s.
33
Let w = -13 + 18. Let u = -41 + 109. Let f = u + -23. Calculate the greatest common factor of f and w.
5
Suppose 3*t - 216 = -0*t + 3*j, 5*t - 2*j - 360 = 0. Calculate the highest common factor of 8 and t.
8
Suppose -2*d + 0 = 2. Let q = d + 9. Calculate the highest common factor of q and 4.
4
Let p(s) = -3*s + 1. Let o(t) = 2*t + 7. Let n be o(-6). Let a be p(n). What is the highest common factor of a and 8?
8
Suppose 4*d + 0*d = 396. Let h(w) = w**3 + 9*w**2 - 3*w + 9. Let j be h(-8). Let k be 4/22 + j/11. What is the highest common factor of d and k?
9
Let s(p) = 2 - p + 4*p - 4*p. Let h be s(2). Suppose v + 0*v = -5*n - 19, 3*n + 15 = h. What is the highest common factor of 18 and v?
6
Let q(g) = -23*g - 4. Let y(u) = -2*u + 1. Let z be y(-4). Let i = 5 - z. Let v be q(i). What is the greatest common divisor of v and 8?
8
Let l(r) = r**3 + 3*r**2 - 13*r - 3. Let d be l(-5). What is the highest common factor of 240 and d?
12
Let r = 16 + -10. Let c be ((-12)/(-5))/(r/20). What is the greatest common factor of c and 40?
8
Let n = 19 - 13. Calculate the highest common divisor of n and 48.
6
Let d = -131 - -207. Calculate the greatest common divisor of 228 and d.
76
Suppose -2*h = -p - 67, h - 5*p - 83 = -2*h. Suppose -56 = -y + 52. Calculate the highest common divisor of y and h.
36
Let o = 26 + 9. Let z(q) = -q + 12. Let c be z(7). Calculate the greatest common divisor of c and o.
5
Let p(h) = 1 - 7*h + 5*h - 1. Let m be p(-3). What is the highest common factor of 4 and m?
2
Let z(b) = 5*b**2 + 14*b - 19. Let u be z(4). Calculate the highest common divisor of u and 18.
9
Let k(m) = m**2 - 2*m + 6. Let x be k(5). Let r be 60/(-45)*x/(-2). What is the highest common divisor of 56 and r?
14
Let i = -49 - -91. What is the highest common divisor of 6 and i?
6
Let c = -17 - 15. Let k = c + 46. Calculate the highest common factor of k and 14.
14
Let l be (0 - (-9)/(-6))*-2. Suppose 0 = 5*b - 2*d + 13 - 43, -b = -l*d - 19. Let j = 0 - -1. Calculate the highest common factor of j and b.
1
Let r = -17 - -53. Let w(f) = f + 1. Let d(g) = 4*g + 17. Let k(t) = d(t) - 5*w(t). Let u be k(0). What is the greatest common factor of u and r?
12
Let t be 0 - 1/((-1)/2). Suppose -4*l - 5 + t = 3*d, -29 = -3*l + 4*d. Suppose 2*f - 4*f + 48 = 0. Calculate the highest common factor of l and f.
3
Suppose -41 - 19 = -5*n. Let y = 42 + -18. Calculate the greatest common factor of n and y.
12
Suppose -4*t + 8 - 60 = 0. Let l = 28 + t. What is the highest common factor of l and 120?
15
Let m(y) = y**3 - 5*y**2 + 5*y + 22. Let h be m(7). Calculate the highest common divisor of 62 and h.
31
Suppose 25 + 18 = 4*h + q, 4*q + 20 = 0. Calculate the highest common factor of 96 and h.
12
Let r(n) = -n**3 + 6*n**2 + 3*n - 11. Let t be r(6). What is the greatest common divisor of 77 and t?
7
Let w(d) = 8*d**2 + 3*d. Let a be w(-2). Let i(h) = 11*h - 5. Let r be i(4). Calculate the greatest common divisor of r and a.
13
Let g be 260/6*(-450)/(-125). What is the greatest common divisor of g and 39?
39
Let p(x) = -x + 68. Let j be p(-13). Calculate the highest common divisor of j and 9.
9
Let j(y) = -7*y**2 - 4*y. Let n be j(-3). Let b = -24 - n. What is the greatest common factor of 162 and b?
27
Let p(f) = f**2 - 5*f + 6. Let x be p(7). Suppose 0 = 3*o + 2*o - 75. Let n = o - 10. Calculate the greatest common factor of x and n.
5
Let y be ((-8)/(-1) + -2)/1. Suppose 0*n + y = n. What is the greatest common divisor of n and 6?
6
Let h be (6/(-3) - -2)/2. Let o = 1 - h. Let g(t) = 17*t + 1. Let a be g(o). What is the highest common divisor of 162 and a?
18
Let x = 55 + -20. Calculate the highest common divisor of 5 and x.
5
Let i(r) = -r**2 - 9*r. Let j be i(-7). Calculate the greatest common divisor of j and 14.
14
Let p(j) = j**2 + j + 1. Let s be p(-3). Calculate the